{"id":26,"date":"2020-06-09T18:58:17","date_gmt":"2020-06-09T16:58:17","guid":{"rendered":"http:\/\/mas.mumbly.net\/?post_type=product&#038;p=26"},"modified":"2021-08-17T22:09:27","modified_gmt":"2021-08-17T20:09:27","slug":"lucian-rose","status":"publish","type":"product","link":"https:\/\/mas.mumbly.net\/index.php\/produit\/lucian-rose\/","title":{"rendered":"Lucian Ros\u00e9"},"content":{"rendered":"<p>Appellation : AOP Languedoc Saint Saturnin<br \/>\nAssemblage : Grenache (20%), Syrah (60%), Cinsault (20%)<br \/>\nTerroir : Age moyen des vignes: 27 ans.<br \/>\nNature des sols: Argilo-calcaire tr\u00e8s caillouteux.<br \/>\nAltitude: 100m \u00e0 Jonqui\u00e8res \u00e0 300m \u00e0 Arboras.<br \/>\nMill\u00e9sime : 2018<br \/>\nVinification : Saign\u00e9e de cuves fra\u00eechement remplies pour le tiers et pressurage direct, d\u00e9bourbage \u00e0 froid. Fermentation thermor\u00e9gul\u00e9e.<br \/>\nD\u00e9gustation : Il vous surprendra par sa robe soutenue et ses ar\u00f4mes de fruits rouges intenses. Sa bouche complexe et fra\u00eeche exprime bien la g\u00e9n\u00e9rosit\u00e9 de ce terroir d\u2019exception.<\/p>\n<p>Service : 8\u00b0C.<br \/>\nVieillissement : A boire frais dans la saison.<br \/>\nVol. : 13 %<br \/>\nBouteille : 75 cl.<br \/>\nAccompagnement : Ce ros\u00e9 gastronomique vous accompagnera tout au long du repas.<br \/>\nEntr\u00e9es froides ou chaudes, plats uniques, plats aux accents du Sud, les grillades et certains fromages.<\/p>\n<p>Suggestion: Risotto aux calamars.<\/p>\n","protected":false},"excerpt":{"rendered":"<p>Appellation : AOP Languedoc Saint Saturnin Assemblage : Grenache (20%), Syrah (60%), Cinsault (20%) Terroir : Age moyen des vignes: 27 ans. Nature des sols: Argilo-calcaire tr\u00e8s caillouteux. Altitude: 100m \u00e0 Jonqui\u00e8res \u00e0 300m \u00e0 Arboras. Mill\u00e9sime : 2018 Vinification : Saign\u00e9e de cuves fra\u00eechement remplies pour le tiers et pressurage direct, d\u00e9bourbage \u00e0 froid. [&hellip;]<\/p>\n","protected":false},"featured_media":27,"comment_status":"open","ping_status":"closed","template":"","meta":[],"product_brand":[],"product_cat":[19,16],"product_tag":[],"class_list":{"0":"post-26","1":"product","2":"type-product","3":"status-publish","4":"has-post-thumbnail","6":"product_cat-vins-rose","7":"product_cat-vins","9":"first","10":"instock","11":"featured","12":"shipping-taxable","13":"purchasable","14":"product-type-simple"},"_links":{"self":[{"href":"https:\/\/mas.mumbly.net\/index.php\/wp-json\/wp\/v2\/product\/26","targetHints":{"allow":["GET"]}}],"collection":[{"href":"https:\/\/mas.mumbly.net\/index.php\/wp-json\/wp\/v2\/product"}],"about":[{"href":"https:\/\/mas.mumbly.net\/index.php\/wp-json\/wp\/v2\/types\/product"}],"replies":[{"embeddable":true,"href":"https:\/\/mas.mumbly.net\/index.php\/wp-json\/wp\/v2\/comments?post=26"}],"wp:featuredmedia":[{"embeddable":true,"href":"https:\/\/mas.mumbly.net\/index.php\/wp-json\/wp\/v2\/media\/27"}],"wp:attachment":[{"href":"https:\/\/mas.mumbly.net\/index.php\/wp-json\/wp\/v2\/media?parent=26"}],"wp:term":[{"taxonomy":"product_brand","embeddable":true,"href":"https:\/\/mas.mumbly.net\/index.php\/wp-json\/wp\/v2\/product_brand?post=26"},{"taxonomy":"product_cat","embeddable":true,"href":"https:\/\/mas.mumbly.net\/index.php\/wp-json\/wp\/v2\/product_cat?post=26"},{"taxonomy":"product_tag","embeddable":true,"href":"https:\/\/mas.mumbly.net\/index.php\/wp-json\/wp\/v2\/product_tag?post=26"}],"curies":[{"name":"wp","href":"https:\/\/api.w.org\/{rel}","templated":true}]}}